
False
Is 597598 a multiple of 11?
False
Does 170 divide 31680?
False
Is 305 a factor of 576145?
True
Is 5 a factor of 497920?
True
Does 143 divide 7150?
True
Is 255385 a multiple of 163?
False
Is 5 a factor of 193289?
False
Is 13 a factor of 21211?
False
Is 8400 a multiple of 12?
True
Is 27 a factor of 146070?
True
Is 169416 a multiple of 13?
True
Is 27 a factor of 17132742?
True
Is 194 a factor of 5605436?
True
Does 10 divide 66050?
True
Is 582 a factor of 273540?
True
Is 16 a factor of 967072?
True
Is 30 a factor of 258210?
True
Is 84 a factor of 31953010?
False
Does 82 divide 13120?
True
Is 395 a factor of 8330155?
True
Is 153 a factor of 415318?
False
Is 1237115 a multiple of 187?
False
Is 955784 a multiple of 15?
False
Is 3298131 a multiple of 140?
False
Is 21 a factor of 26241581?
False
Is 115 a factor of 45885?
True
Is 20 a factor of 498120?
True
Is 907702 a multiple of 52?
False
Is 532 a factor of 3024403?
False
Is 16 a factor of 2577200?
True
Does 410 divide 611672?
False
Does 46 divide 380223?
False
Is 188 a factor of 63356?
True
Is 33 a factor of 3985005?
False
Is 19 a factor of 42816?
False
Is 481652 a multiple of 26?
False
Is 147276 a multiple of 9?
True
Is 70911 a multiple of 9?
True
Does 329 divide 11244891?
True
Does 58 divide 8650710?
False
Is 74 a factor of 26969300?
True
Is 11064242 a multiple of 14?
True
Does 171 divide 1405095?
False
Does 241 divide 872431?
False
Is 89 a factor of 220338?
False
Is 69911 a multiple of 176?
False
Is 2047345 a multiple of 7?
False
Does 33 divide 1699104?
True
Is 863 a factor of 5789867?
True
Does 815 divide 4493095?
True
Is 3974260 a multiple of 762?
False
Is 187 a factor of 123981?
True
Does 127 divide 189738?
True
Does 2503 divide 11381141?
True
Does 23 divide 112516?
True
Is 72105 a multiple of 36?
False
Is 239 a factor of 81021?
True
Is 117 a factor of 689512?
False
Is 84300 a multiple of 60?
True
Is 19 a factor of 180348?
True
Is 38 a factor of 14865900?
False
Is 69 a factor of 122613?
True
Is 1739064 a multiple of 12?
True
Is 8654741 a multiple of 40?
False
Does 263 divide 25191?
False
Does 71 divide 181244?
False
Is 282149 a multiple of 17?
True
Is 1078 a factor of 2436510?
False
Does 229 divide 4933576?
True
Is 512837 a multiple of 103?
True
Is 144 a factor of 362160?
True
Is 121 a factor of 14994562?
True
Does 9 divide 1694039?
False
Does 219 divide 206327?
False
Is 6789173 a multiple of 958?
False
Is 731358 a multiple of 32?
False
Is 1023 a factor of 94542?
False
Is 46 a factor of 71876?
False
Does 62 divide 449438?
True
Does 98 divide 22246?
True
Does 136 divide 413984?
True
Does 511 divide 302765?
False
Does 254 divide 1004824?
True
Does 15 divide 229503?
False
Does 1557 divide 2917676?
False
Is 78463 a multiple of 194?
False
Is 960024 a multiple of 156?
True
Is 60 a factor of 4671206?
False
Is 1065452 a multiple of 46?
True
Does 139 divide 2553604?
False
Is 38151 even?
False
Is 619333 a multiple of 61?
True
Does 1156 divide 3493432?
True
Is 153267 a multiple of 141?
True
Is 358 a factor of 6075160?
False
Is 28 a factor of 840311?
False
Does 28 divide 533988?
True
Is 65906 a multiple of 31?
True
Is 186 a factor of 989750?
False
Is 450 a factor of 136350?
True
Does 109 divide 321644?
False
Is 1079775 a multiple of 744?
False
Does 37 divide 720651?
False
Is 22 a factor of 170588?
True
Is 104 a factor of 156343?
False
Is 30 a factor of 3271200?
True
Is 386487 a multiple of 3?
True
Is 63 a factor of 2041074?
True
Is 13226682 a multiple of 385?
False
Is 268056 a multiple of 204?
True
Does 197 divide 5340727?
False
Is 126 a factor of 971969?
False
Does 224 divide 741424?
False
Is 219 a factor of 135123?
True
Does 26 divide 253942?
True
Is 2 a factor of 135032?
True
Is 43324 a multiple of 35?
False
Is 16 a factor of 5753315?
False
Is 433 a factor of 67194?
False
Does 658 divide 10997716?
False
Is 49 a factor of 6784736?
True
Is 110439 a multiple of 7?
True
Is 54 a factor of 3023244?
True
Does 10 divide 216512?
False
Is 623088 a multiple of 665?
False
Is 134 a factor of 96078?
True
Is 25090 a multiple of 3?
False
Is 9040980 a multiple of 1038?
True
Does 29 divide 25615?
False
Is 34 a factor of 71876?
True
Is 17 a factor of 375190?
True
Does 3 divide 114927?
True
Is 1478175 a multiple of 67?
False
Is 27 a factor of 74008?
False
Is 134946 a multiple of 54?
True
Does 36 divide 6500700?
True
Does 21 divide 4114383?
True
Does 21 divide 47793?
False
Does 269 divide 17985738?
False
Is 32943375 a multiple of 1161?
True
Is 633216 a multiple of 34?
True
Is 369408 a multiple of 324?
False
Is 25866 a multiple of 9?
True
Does 56 divide 2103194?
False
Is 5374 a multiple of 14?
False
Is 104865 a multiple of 3?
True
Is 581951 a multiple of 19?
True
Does 6 divide 3181541?
False
Is 58 a factor of 6844?
True
Does 41 divide 325851?
False
Does 24 divide 324168?
True
Does 7 divide 1188705?
True
Is 1251875 a multiple of 125?
True
Is 201777 a multiple of 309?
True
Does 76 divide 3325228?
True
Does 133 divide 4014569?
False
Does 154 divide 1059674?
True
Does 120 divide 118560?
True
Is 210378 a multiple of 21?
True
Is 340674 a multiple of 32?
False
Is 32 a factor of 11599192?
False
Is 68 a factor of 311916?
True
Is 32 a factor of 62276?
False
Does 196 divide 170128?
True
Is 196092 a multiple of 117?
True
Does 39 divide 13274?
False
Is 4831222 a multiple of 2?
True
Does 41 divide 3722323?
False
Is 58 a factor of 77256?
True
Is 201 a factor of 430542?
True
Does 769 divide 1127608?
False
Is 10 a factor of 102540?
True
Is 941741 a multiple of 45?
False
Does 16 divide 253440?
True
Is 157560 a multiple of 40?
True
Is 1116566 a multiple of 27?
False
Is 772221 a multiple of 216?
False
Is 2100027 a multiple of 638?
False
Is 804 a factor of 1485059?
False
Is 620502 a multiple of 38?
True
Does 13 divide 723658?
True
Is 1055841 a multiple of 21?
False
Is 44603 a multiple of 44?
False
Is 2677091 a multiple of 623?
False
Is 81564 a multiple of 971?
True
Is 17 a factor of 193089?
False
Is 532809 a multiple of 570?
False
Is 7170598 a multiple of 26?
False
Is 7 a factor of 3649401?
True
Is 18 a factor of 220230?
True
Is 36 a factor of 131276?
False
Is 335049 a multiple of 13?
True
Does 20 divide 4971048?
False
Is 87018 a multiple of 9?
False
Is 13 a factor of 35494?
False
Is 3271510 a multiple of 22?
True
Is 1119941 a multiple of 3?
False
Does 120 divide 1733880?
True
Is 246 a factor of 12387084?
True
Does 3 divide 1856?
False
Is 40 a factor of 178827?
False
Is 31 a factor of 81220?
True
Is 61 a factor of 166797?
False
Does 163 divide 209129?
True
Is 8 a factor of 234?
False
Is 40 a factor of 44842?
False
Does 13 divide 21047?
True
Does 9 divide 3523536?
True
Is 984 a factor of 1000600?
False
Is 418 a factor of 63954?
True
Is 54 a factor of 69188?
False
Is 1419628 a multiple of 98?
True
Is 684 a factor of 23675292?
True
Does 85 divide 75911?
False
Is 374779 a multiple of 89?
True
Is 562 a factor of 32672474?
False
Is 593710 a multiple of 13?
True
Is 120 a factor of 77280?
True
Is 198 a factor of 2968020?
True
Does 11 divide 3059760?
True
Does 9 divide 2827067?
False
Is 225 a factor of 809806?
False
Is 6760509 a multiple of 60?
False
Is 7 a factor of 6091420?
False
Is 16 a factor of 185427?
False
Is 342 a factor of 4588086?
False
Does 385 divide 7071680?
True
Is 34 a factor of 137655?
False
Does 593 divide 622421?
False
Does 7 divide 486762?
False
Is 129 a factor of 18960162?
True
Does 367 divide 1311999?
False
Is 160 a factor of 13232640?
True
Is 482265 a multiple of 315?
True
Is 20993584 a multiple of 752?
True
Is 610708 a multiple of 12?
False
Is 34 a factor of 1957856?
True
Does 21 divide 77700?
True
Does 12 divide 3453720?
True
Is 1901095 a multiple of 14?
False
Is 30 a factor of 6821737?
False
Does 172 divide 672348?
True
Is 72207 a multiple of 71?
True
Is 25 a factor of 881300?
True
Is 288652 a multiple of 16?
False
Is 43 a factor of 19185648?
False
Is 160439 a multiple of 83?
True
Does 10 divide 602628?
False
Is 126420 a multiple of 6?
True
Is 61352 a multiple of 12?
False
Does 140 divide 3598000?
True
Is 2 a factor of 68678?
True
Is 850 a factor of 1311650?
False
Does 10 divide 733430?
True
Is 425174 a multiple of 697?
False
Is 1630787 a multiple of 166?
False
Is 49 a factor of 2531046?
True
Is 14 a factor of 2289938